-m. List the prime factors of m.
3
Let c be 51/36*3 + (-3)/12. Suppose c*r = 5*r - 76. List the prime factors of r.
2, 19
Let d be 11/2 + -4 + 90/4. Let t(h) = -h**2 + 26*h - 33. What are the prime factors of t(d)?
3, 5
Let o = -4682 + 6556. What are the prime factors of o?
2, 937
Let g = 53 - 51. Suppose -g*m + 80 = 2*i - m, -5*i + 4*m + 213 = 0. What are the prime factors of i?
41
Let i(a) = 5*a**3 - 12*a**2 - 20*a - 17. Let d(l) = -4*l**3 + 11*l**2 + 21*l + 16. Let h(r) = -4*d(r) - 3*i(r). What are the prime factors of h(12)?
5, 11
Suppose 0 = -9*a + 8284 - 1327. What are the prime factors of a?
773
Suppose 0 = 4*l - 5*z - 29, -10 - 11 = -l + 4*z. Suppose 4*p + 20 = 5*f, f - 5 + l = -p. What are the prime factors of (16/(-20))/(f/(-10))?
2
What are the prime factors of (44/5)/(-2 - (-922)/460)?
2, 11, 23
Let x(o) = -5*o**3 - 2*o**2 - 7*o + 13. List the prime factors of x(-6).
1063
Let j = 51 - 56. Let q(a) be the first derivative of -a**2/2 + 3*a + 2. List the prime factors of q(j).
2
Suppose 3*f - 10 = -1. Suppose 4*y - 54 - 27 = f*l, -2*l = -3*y + 60. List the prime factors of y.
2, 3
Let k = 173 + 302. What are the prime factors of k?
5, 19
What are the prime factors of 6*(-7)/(84/(-632))?
2, 79
Let m = -7 + 11. Suppose m*z - 1 = 3. List the prime factors of (-36)/(-1*(0 + z)).
2, 3
Let l be (-4 + (-22)/(-7))*-7. Let m(p) = -p**3 + 7*p**2 + 14*p - 38. What are the prime factors of m(l)?
2, 41
Let p(x) = -x**2 - 13*x + 2. Let m(j) = -20*j + 2. Let h be m(-1). Suppose -h = 2*r - 2. List the prime factors of p(r).
2
Let x = 16 + 0. Let o = x + -13. Suppose o*d - 13 - 23 = 0. List the prime factors of d.
2, 3
Let b = 1811 - -624. What are the prime factors of b?
5, 487
What are the prime factors of (-204)/340 + (1 - 836/(-10))?
2, 3, 7
Let h(d) = -d**2 - d + 5. Let t be h(0). Suppose q = t*q - 76. Suppose 4*p - 13 = q. List the prime factors of p.
2
Suppose 6 + 3 = -3*z. Let f(c) = -4 + 3*c + c**2 - 7*c**3 + 15*c**3 - 9*c**3. List the prime factors of f(z).
23
Let f be (2 + -3)*-2*(-4)/(-4). List the prime factors of (0 - -129)*f/3.
2, 43
Suppose -2*a + 78 = 2*h, -4*h + 164 - 13 = 3*a. Suppose -h = -2*c + 54. What are the prime factors of c?
2, 11
Suppose -2*v + 0 = 2*w - 4, -4*v = -3*w - 1. Suppose 6 = -z - 2*z. List the prime factors of w + z + 37 - 0.
2, 3
Suppose -5*b - 36 = 3*y, 5*b + 2*y = -29 - 5. Let g(u) = -6*u + 5. List the prime factors of g(b).
41
Suppose 5*h - 408 = 13*h. Let u = -43 - h. List the prime factors of u.
2
Suppose 8*x - 35 + 3 = 0. Suppose -94 = -3*i + x*p, 4*i - 81 - 57 = -p. Suppose -2*n - 20 + i = 0. What are the prime factors of n?
7
List the prime factors of (11 - (-6 + 22)) + 2704.
2699
What are the prime factors of (-36)/27 - 5/30*-7898?
5, 263
Let d(h) = -2*h**3 - 4*h**2 - h + 1. Let i be d(-2). List the prime factors of -1*(0 + i) + 45.
2, 3, 7
Let m(h) = 7*h - 13. Let u(j) = j + 23. Let g(r) = 3*r + 91. Let z(v) = 2*g(v) - 9*u(v). Let i be z(-10). List the prime factors of m(i).
2, 11
Suppose 4*m + 38 = -2*l, 4*m - 3 + 66 = 3*l. Let q be ((-6)/12)/(2/m). Suppose 0 = 5*w - g - 147, w - q*g - 64 = -w. List the prime factors of w.
29
Let y = 1065 - 1029. List the prime factors of y.
2, 3
Suppose 10 - 7 = r. Let c be (r/(-6))/((-2)/132). Suppose -4*q + 4*s = -76, 3*q + c = 5*q - 3*s. List the prime factors of q.
2, 3
Let j(i) = i**3 + 2*i**2 + 3*i. Let n be j(-2). Let r(k) = -k**3 + 5*k**2 - 5*k + 2. Let t be r(3). List the prime factors of n/15 + 132/t.
2, 13
List the prime factors of (-7)/(-14)*-950*4/(-10).
2, 5, 19
Suppose 3*o + 15 = 8*o - 5*x, 4*o = 2*x + 14. Let j(s) = 7*s + 15 + 5*s**2 - 11 - o*s - 6. List the prime factors of j(1).
2, 3
Let q(h) = h**3 - h**2 + h + 2. Let a be q(0). Let o = -13 - -16. Suppose 2*g + 5*n = 4, g - 4*n - a = -o*n. List the prime factors of g.
2
Let g = -23 + 22. Let j(b) = 42*b**2 - b. Let m be j(g). Let f = -5 + m. List the prime factors of f.
2, 19
List the prime factors of 2/(-8) - 48875/(-92).
3, 59
Let t = 4 + 0. Suppose -5*c = t*n + 239, c - 165 = -n + 4*n. What are the prime factors of (-1*2)/(7/n)?
2
Suppose -2*f + 73 = 5*p, 2*f + 5*p - 3*p = 58. Let j(g) = g**3 - 6*g**2 + 3*g + 4. Let z be j(4). What are the prime factors of (-102)/(-4) + f/z?
2, 3
Suppose -52*g + 2007 = -49*g. List the prime factors of g.
3, 223
Suppose -6*a + 447 + 891 = 0. Suppose 9*w = a + 506. List the prime factors of w.
3
Let c(s) = 2*s**2 - 8*s + 35. Let y be c(10). Suppose -3*o - y = -8*o. What are the prime factors of o?
31
Let n(j) be the third derivative of -j**6/120 - j**5/30 - j**4/24 + 67*j**3/6 + 15*j**2. List the prime factors of n(0).
67
Let q = 12 + 25. Suppose -5*g - 5*p + q = -13, -4*g + 3*p = -61. What are the prime factors of g?
13
Let n be (0 + -2)/(-2 - (-2)/2). Let k(l) = 2*l**2 - 3*l + 4. What are the prime factors of k(n)?
2, 3
Let d be (-83 + -6)*(-1)/1*1. Let z = d + -29. List the prime factors of z.
2, 3, 5
Let o(x) = -x**3 + 9*x**2 - x + 13. Let h be o(9). Suppose 241 = 2*f - c, h*f + c - 471 - 14 = 0. What are the prime factors of f?
11
Let m = -34 + 37. Let v = 18 + m. What are the prime factors of v?
3, 7
Let m = 2611 - 1132. What are the prime factors of m?
3, 17, 29
Suppose 4 = 2*n - 2*u - 2*u, -5*n - 4*u = 46. Suppose 6*d + 82 = -134. List the prime factors of 21/n*d/42.
3
Let i = 40 - 27. Let p = 13 - i. Let v(j) = -2*j + 18. What are the prime factors of v(p)?
2, 3
Suppose 0 = 11*d - 859 - 373. List the prime factors of d.
2, 7
Let q = 494 + -289. Let p = q - 146. What are the prime factors of p?
59
Let w(c) = c. Let u(s) = 6*s**2 - 5*s - 14. Let q(f) = u(f) + 2*w(f). What are the prime factors of q(6)?
2, 23
Let a be (-1 - 1/(-3))*(-30)/20. Let j(w) = 31*w**3. What are the prime factors of j(a)?
31
Suppose -5*j - 5*r = -10480, -6*r - 4162 = -2*j - 2*r. List the prime factors of j.
3, 17, 41
Let b(u) = u**3 - 5*u**2 - 7*u + 6. Let z be b(6). List the prime factors of 21/1 - z - -3.
2, 3
Let b be 4*1 + (-3123)/9. Let f = b - -491. Suppose 5*m - p - 210 = 0, -5*p - f = -3*m - 0*m. List the prime factors of m.
41
Let c be (6/(-10))/((-3)/15). Let k be (-2)/((-12)/8*10/(-15)). What are the prime factors of (32 - 1)*(c + k)?
31
Let f(k) = k**2 + 6*k + 8. Suppose -24 = 5*s - 3*s. Let j = 4 + s. What are the prime factors of f(j)?
2, 3
Let o = -3428 + 6235. List the prime factors of o.
7, 401
Let b(s) = 71*s**3. Let k be b(1). Suppose -194 = -2*h - v, -2*h + 3*v + 265 = k. List the prime factors of h.
97
Let l(r) = -2*r**3 - 9*r**2 + 7*r + 19. List the prime factors of l(-8).
3, 137
Suppose 0*b - 377 = -3*s + 4*b, 375 = 3*s - 3*b. Let k = s + 31. List the prime factors of k.
2, 7, 11
Let k = 16 + -10. Suppose -k*f - 81 = -417. What are the prime factors of f?
2, 7
Suppose -4*o - i + 9 = -4*i, 0 = -5*o + 5*i + 10. Suppose 2*y - 5 = o. List the prime factors of 384/28 - y/(-14).
2, 7
Let x = 3217 - 1748. List the prime factors of x.
13, 113
Suppose 4*c - 5 = 3*c, -5*u = 3*c - 25. Let q be u - -3*4/6. Suppose -148 = -q*g - 2*w, 3*g - 3*w + w - 97 = 0. List the prime factors of g.
5, 7
Let s(n) = n**3 + n**2 - 12. Let l be s(0). What are the prime factors of (120/8)/((-2)/l)?
2, 3, 5
Suppose 0 = -6*i + 3*a - 5*a + 14470, 0 = i + a - 2415. What are the prime factors of i?
2, 5, 241
Let n = -276 - -520. What are the prime factors of n?
2, 61
Let g = 923 + -382. List the prime factors of g.
541
Let a = -141 + 679. What are the prime factors of a?
2, 269
Let i = -24 - -27. Let y be 8/(-6) + (-59)/i. List the prime factors of (-152)/(-6) - (-7)/y.
5
Let c(l) = 20*l + 55. What are the prime factors of c(16)?
3, 5
Let b = -7 + 10. Suppose -h + 87 = 2*h - b*l, -20 = 4*l. What are the prime factors of h?
2, 3
Let h(n) = n**3 + 5*n**2 - 2*n - 10. Let a be h(-5). Let c be (3/12*a)/(-2). Suppose -20*y + 19*y + 9 = c. List the prime factors of y.
3
Suppose -5*y = -2*y + x - 68, -5*y - 5*x + 110 = 0. Suppose 5*j = k - y, 5*k = 6*j - 11*j + 25. What are the prime factors of k?
2
Let a = 299 - 149. Suppose -a + 1091 = 5*q - 2*t, 0 = -q - 3*t + 178. What are the prime factors of q?
11, 17
Let c(g) = 6*g**2 + 6*g. Let b be c(-5). Suppose k + 5 = 2*f, k + 2 = 3*f - 5. Suppose -f*y + b = 3*y. What are the prime factors of y?
2, 3
Let y(j) = -4*j**2 - 2*j + 5. Let n(a) = 2*a**2 + a - 